{"id":2376,"date":"2025-12-29T18:25:28","date_gmt":"2025-12-29T18:25:28","guid":{"rendered":"https:\/\/deve-oito.redesim.pb.gov.br\/home\/?page_id=2376"},"modified":"2026-04-23T12:41:43","modified_gmt":"2026-04-23T12:41:43","slug":"sedap","status":"publish","type":"page","link":"https:\/\/www.redesim.pb.gov.br\/home\/sedap\/","title":{"rendered":"SEDAP"},"content":{"rendered":"","protected":false},"excerpt":{"rendered":"","protected":false},"author":1,"featured_media":0,"parent":0,"menu_order":0,"comment_status":"closed","ping_status":"closed","template":"pages\/junta-comercial.php","meta":{"footnotes":""},"class_list":["post-2376","page","type-page","status-publish","hentry"],"acf":{"servicos":[{"titulo":"Servi\u00e7os de inspe\u00e7\u00e3o de produtos de origem animal","conteudo":"","btn":"inspecao-produtos-origem-animal","parametros":"","method":"POST","mensagem_modal":"","acesso":["visivel_todos"]},{"titulo":"Servi\u00e7os da defesa animal","conteudo":"","btn":"defesa-animal","parametros":"","method":"POST","mensagem_modal":"","acesso":["visivel_todos"]},{"titulo":"Servi\u00e7os da defesa vegetal","conteudo":"","btn":"defesa-vegetal","parametros":"","method":"POST","mensagem_modal":"","acesso":["visivel_todos"]},{"titulo":"Servi\u00e7os de sanidade av\u00edcola","conteudo":"","btn":"sanidade-avicola","parametros":"","method":"POST","mensagem_modal":"","acesso":["visivel_todos"]}]},"_links":{"self":[{"href":"https:\/\/www.redesim.pb.gov.br\/home\/wp-json\/wp\/v2\/pages\/2376","targetHints":{"allow":["GET"]}}],"collection":[{"href":"https:\/\/www.redesim.pb.gov.br\/home\/wp-json\/wp\/v2\/pages"}],"about":[{"href":"https:\/\/www.redesim.pb.gov.br\/home\/wp-json\/wp\/v2\/types\/page"}],"author":[{"embeddable":true,"href":"https:\/\/www.redesim.pb.gov.br\/home\/wp-json\/wp\/v2\/users\/1"}],"replies":[{"embeddable":true,"href":"https:\/\/www.redesim.pb.gov.br\/home\/wp-json\/wp\/v2\/comments?post=2376"}],"version-history":[{"count":0,"href":"https:\/\/www.redesim.pb.gov.br\/home\/wp-json\/wp\/v2\/pages\/2376\/revisions"}],"wp:attachment":[{"href":"https:\/\/www.redesim.pb.gov.br\/home\/wp-json\/wp\/v2\/media?parent=2376"}],"curies":[{"name":"wp","href":"https:\/\/api.w.org\/{rel}","templated":true}]}}