{"id":2387,"date":"2025-12-29T19:29:39","date_gmt":"2025-12-29T19:29:39","guid":{"rendered":"https:\/\/deve-oito.redesim.pb.gov.br\/home\/?page_id=2387"},"modified":"2026-04-23T12:41:57","modified_gmt":"2026-04-23T12:41:57","slug":"sanidade-avicola","status":"publish","type":"page","link":"https:\/\/www.redesim.pb.gov.br\/home\/sedap\/sanidade-avicola\/","title":{"rendered":"Sanidade Av\u00edcola"},"content":{"rendered":"","protected":false},"excerpt":{"rendered":"","protected":false},"author":1,"featured_media":0,"parent":2376,"menu_order":0,"comment_status":"closed","ping_status":"closed","template":"pages\/junta-comercial.php","meta":{"footnotes":""},"class_list":["post-2387","page","type-page","status-publish","hentry"],"acf":{"servicos":[{"titulo":"Solicitar certificado de registro de estabelecimento av\u00edcola para produtor rural","conteudo":"","btn":"https:\/\/%s.redesim.pb.gov.br\/workflow-service\/prepare\/primeiro-passo","parametros":"{'orgao':33692,'tipo_solicitacao':11,'evento':'1824','is_fluxo_legado':false}","method":"POST_JSON","mensagem_modal":"","acesso":["visivel_todos"]},{"titulo":"Solicitar certificado de registro de estabelecimento av\u00edcola para empresa","conteudo":"","btn":"https:\/\/%s.redesim.pb.gov.br\/workflow-service\/prepare\/primeiro-passo","parametros":"{'orgao':33692,'tipo_solicitacao':17,'evento':'1824','is_fluxo_legado':false}","method":"POST_JSON","mensagem_modal":"","acesso":["visivel_todos"]},{"titulo":"Solicitar altera\u00e7\u00e3o do certificado de registro de estabelecimento av\u00edcola para produtor rural","conteudo":"","btn":"https:\/\/%s.redesim.pb.gov.br\/workflow-service\/prepare\/primeiro-passo","parametros":"{'orgao':33692,'tipo_solicitacao':11,'evento':'1825','is_fluxo_legado':false}","method":"POST_JSON","mensagem_modal":"","acesso":["visivel_todos"]},{"titulo":"Solicitar altera\u00e7\u00e3o certificado de registro de estabelecimento av\u00edcola para empresa","conteudo":"","btn":"https:\/\/%s.redesim.pb.gov.br\/workflow-service\/prepare\/primeiro-passo","parametros":"{'orgao':33692,'tipo_solicitacao':17,'evento':'1824','is_fluxo_legado':false}","method":"POST_JSON","mensagem_modal":"","acesso":["visivel_todos"]},{"titulo":"Solicitar baixa do do certificado de registro de estabelecimento av\u00edcola para produtor rural","conteudo":"","btn":"https:\/\/%s.redesim.pb.gov.br\/workflow-service\/prepare\/primeiro-passo","parametros":"{'orgao':33692,'tipo_solicitacao':11,'evento':'1826','is_fluxo_legado':false}","method":"POST_JSON","mensagem_modal":"","acesso":["visivel_todos"]},{"titulo":"Solicitar baixa do do certificado de registro de estabelecimento av\u00edcola para empresa","conteudo":"","btn":"https:\/\/%s.redesim.pb.gov.br\/workflow-service\/prepare\/primeiro-passo","parametros":"{'orgao':33692,'tipo_solicitacao':17,'evento':'1826','is_fluxo_legado':false}","method":"POST_JSON","mensagem_modal":"","acesso":["visivel_todos"]},{"titulo":"Solicitar renova\u00e7\u00e3o do certificado de registro de estabelecimento av\u00edcola para produtor rural","conteudo":"","btn":"https:\/\/%s.redesim.pb.gov.br\/workflow-service\/prepare\/primeiro-passo","parametros":"{'orgao':33692,'tipo_solicitacao':11,'evento':'1827','is_fluxo_legado':false}","method":"POST_JSON","mensagem_modal":"","acesso":["visivel_todos"]},{"titulo":"Solicitar renova\u00e7\u00e3o do certificado de registro de estabelecimento av\u00edcola para empresa","conteudo":"","btn":"https:\/\/%s.redesim.pb.gov.br\/workflow-service\/prepare\/primeiro-passo","parametros":"{'orgao':33692,'tipo_solicitacao':17,'evento':'1827','is_fluxo_legado':false}","method":"POST_JSON","mensagem_modal":"","acesso":["visivel_todos"]}]},"_links":{"self":[{"href":"https:\/\/www.redesim.pb.gov.br\/home\/wp-json\/wp\/v2\/pages\/2387","targetHints":{"allow":["GET"]}}],"collection":[{"href":"https:\/\/www.redesim.pb.gov.br\/home\/wp-json\/wp\/v2\/pages"}],"about":[{"href":"https:\/\/www.redesim.pb.gov.br\/home\/wp-json\/wp\/v2\/types\/page"}],"author":[{"embeddable":true,"href":"https:\/\/www.redesim.pb.gov.br\/home\/wp-json\/wp\/v2\/users\/1"}],"replies":[{"embeddable":true,"href":"https:\/\/www.redesim.pb.gov.br\/home\/wp-json\/wp\/v2\/comments?post=2387"}],"version-history":[{"count":0,"href":"https:\/\/www.redesim.pb.gov.br\/home\/wp-json\/wp\/v2\/pages\/2387\/revisions"}],"up":[{"embeddable":true,"href":"https:\/\/www.redesim.pb.gov.br\/home\/wp-json\/wp\/v2\/pages\/2376"}],"wp:attachment":[{"href":"https:\/\/www.redesim.pb.gov.br\/home\/wp-json\/wp\/v2\/media?parent=2387"}],"curies":[{"name":"wp","href":"https:\/\/api.w.org\/{rel}","templated":true}]}}